{"id":649,"date":"2017-01-17T17:55:54","date_gmt":"2017-01-17T15:55:54","guid":{"rendered":"http:\/\/www.tekkullanimlikdisfircasi.com\/?page_id=649"},"modified":"2017-01-23T13:57:37","modified_gmt":"2017-01-23T11:57:37","slug":"trm-005-dusmatik-sampuan-otomati","status":"publish","type":"page","link":"https:\/\/www.tekkullanimlikdisfircasi.com\/index.php\/kisisel-bakim-otomatlari\/trm-005-dusmatik-sampuan-otomati\/","title":{"rendered":"TRM.005 &#8211; Du\u015fmatik \u015fampuan otomat\u0131"},"content":{"rendered":"<div class=\"responsive-tabs\">\n<h2 class=\"tabtitle\">\u00dcr\u00fcn \u00d6zellikleri<\/h2>\n<div class=\"tabcontent\">\n\n<p><img loading=\"lazy\" class=\"alignleft size-full wp-image-643\" src=\"https:\/\/www.tekkullanimlikdisfircasi.com\/wp-content\/uploads\/2017\/01\/TRM.003_LARGE.jpg\" alt=\"\" width=\"560\" height=\"310\" srcset=\"https:\/\/www.tekkullanimlikdisfircasi.com\/wp-content\/uploads\/2017\/01\/TRM.003_LARGE.jpg 560w, https:\/\/www.tekkullanimlikdisfircasi.com\/wp-content\/uploads\/2017\/01\/TRM.003_LARGE-300x166.jpg 300w\" sizes=\"(max-width: 560px) 100vw, 560px\" \/><\/p>\n<h5 class=\"opened\">Genel \u00d6zellikler<\/h5>\n<table>\n<tbody>\n<tr style=\"height: 26px;\">\n<td style=\"height: 26px; vertical-align: middle;\"><strong>Otomat i\u00e7i \u00fcr\u00fcn<\/strong><\/td>\n<td style=\"height: 26px; vertical-align: middle;\">v\u00fccut \u015fampuan\u0131 + sa\u00e7 \u015fampuan\u0131<\/td>\n<\/tr>\n<tr style=\"height: 26px;\">\n<td style=\"height: 26px; vertical-align: middle;\"><strong>Stok durumu<\/strong><\/td>\n<td style=\"height: 26px; vertical-align: middle;\"><img style=\"height: 16px;\" src=\"https:\/\/www.tekkullanimlikdisfircasi.com\/wp-content\/uploads\/2017\/01\/var.png\" alt=\"stokta var\" \/><\/td>\n<\/tr>\n<tr style=\"height: 26.5469px;\">\n<td style=\"height: 26.5469px; vertical-align: middle;\"><strong>\u015eampuan markas\u0131<\/strong><\/td>\n<td style=\"height: 26.5469px; vertical-align: middle;\">Hobyy<\/td>\n<\/tr>\n<tr style=\"height: 26px;\">\n<td style=\"height: 26px; vertical-align: middle;\"><span style=\"color: #ff0000;\"><b>\u015eampuan a\u011f\u0131rl\u0131\u011f\u0131<\/b><\/span><\/td>\n<td style=\"height: 26px; vertical-align: middle;\"><span style=\"color: #ff0000;\">8 ml<\/span><\/td>\n<\/tr>\n<tr style=\"height: 26px;\">\n<td style=\"height: 26px; vertical-align: middle;\"><strong>Otomat a\u011f\u0131rl\u0131\u011f\u0131<\/strong><\/td>\n<td style=\"height: 26px; vertical-align: middle;\">18 kg<\/td>\n<\/tr>\n<tr style=\"height: 26px;\">\n<td style=\"height: 26px; vertical-align: middle;\"><strong>Otmat ebatlar\u0131<\/strong><\/td>\n<td style=\"height: 26px; vertical-align: middle;\">90 cm * 30 cm * 20 cm<\/td>\n<\/tr>\n<tr style=\"height: 26px;\">\n<td style=\"height: 26px; vertical-align: middle;\"><b>Otomat elektroni\u011fi<\/b><\/td>\n<td style=\"height: 26px; vertical-align: middle;\">Manuel \u00e7al\u0131\u015fma<\/td>\n<\/tr>\n<tr style=\"height: 26px;\">\n<td style=\"height: 26px; vertical-align: middle;\"><strong>Otomat para mekanizmas\u0131<\/strong><\/td>\n<td style=\"height: 26px; vertical-align: middle;\">Metal para ile \u00e7al\u0131\u015fabilen<\/td>\n<\/tr>\n<tr style=\"height: 26px;\">\n<td style=\"height: 26px; vertical-align: middle;\"><strong>Metal para uygunlu\u011fu<\/strong><\/td>\n<td style=\"height: 26px; vertical-align: middle;\">1 TL, 2 euro<\/td>\n<\/tr>\n<tr style=\"height: 26px;\">\n<td style=\"height: 26px; vertical-align: middle;\"><b>Garanti s\u00fcresi<\/b><\/td>\n<td style=\"height: 26px; vertical-align: middle;\">1 y\u0131l garantili<\/td>\n<\/tr>\n<\/tbody>\n<\/table>\n\n<\/div><h2 class=\"tabtitle\">Ambalaj<\/h2>\n<div class=\"tabcontent\">\n\n<p><img loading=\"lazy\" class=\"alignleft size-full wp-image-636\" src=\"https:\/\/www.tekkullanimlikdisfircasi.com\/wp-content\/uploads\/2017\/01\/DISM_opp.jpg\" alt=\"\" width=\"560\" height=\"482\" srcset=\"https:\/\/www.tekkullanimlikdisfircasi.com\/wp-content\/uploads\/2017\/01\/DISM_opp.jpg 560w, https:\/\/www.tekkullanimlikdisfircasi.com\/wp-content\/uploads\/2017\/01\/DISM_opp-300x258.jpg 300w\" sizes=\"(max-width: 560px) 100vw, 560px\" \/><\/p>\n\n<\/div><h2 class=\"tabtitle\">Renk Se\u00e7ene\u011fi<\/h2>\n<div class=\"tabcontent\">\n\n<table style=\"width: 560px; height: 40px;\" border=\"0\" cellspacing=\"1\" cellpadding=\"1\">\n<tbody>\n<tr>\n<td style=\"width: 37px; text-align: center;\"><strong>Stok<\/strong><\/td>\n<td style=\"background-color: #0d00ff; width: 42px; text-align: center;\"><span style=\"color: #ffffff;\">Mavi<\/span><\/td>\n<td style=\"width: 61px; background-color: #ff0000; text-align: center;\"><span style=\"color: #ffffff;\">K\u0131rm\u0131z\u0131<\/span><\/td>\n<td style=\"width: 40px; background-color: #4ffa00; text-align: center;\">Ye\u015fil<\/td>\n<td style=\"width: 34px; background-color: #f5ed00; text-align: center;\">Sar\u0131<\/td>\n<td style=\"width: 48px; background-color: #e6e6e6; text-align: center;\">\u015eeffaf<\/td>\n<td style=\"width: 50px; text-align: center;\">Beyaz<\/td>\n<\/tr>\n<tr>\n<td style=\"text-align: center; width: 37px;\"><span style=\"color: #00ff00;\"><strong>Var<\/strong><\/span><\/td>\n<td style=\"text-align: center; width: 42px;\"><\/td>\n<td style=\"text-align: center; width: 61px;\"><\/td>\n<td style=\"text-align: center; width: 40px;\"><\/td>\n<td style=\"text-align: center; width: 34px;\"><\/td>\n<td style=\"text-align: center; width: 48px;\"><\/td>\n<td style=\"text-align: center; width: 50px;\">\u00a0x<\/td>\n<\/tr>\n<tr>\n<td style=\"text-align: center; width: 37px;\"><span style=\"color: #ff0000;\"><strong>Yok<\/strong><\/span><\/td>\n<td style=\"text-align: center; width: 42px;\">\u00a0x<\/td>\n<td style=\"text-align: center; width: 61px;\">x<\/td>\n<td style=\"text-align: center; width: 40px;\">\u00a0x<\/td>\n<td style=\"text-align: center; width: 34px;\">x<\/td>\n<td style=\"text-align: center; width: 48px;\">\u00a0x<\/td>\n<td style=\"text-align: center; width: 50px;\"><\/td>\n<\/tr>\n<\/tbody>\n<\/table>\n<p><span style=\"font-size: 10pt;\">Stokta bulunan renkler &#8220;<strong><span style=\"color: #00ff00;\">var<\/span><\/strong>&#8221; sat\u0131r\u0131nda bulunan &#8220;x&#8221; i\u015fareti ile g\u00f6sterilmi\u015ftir.<\/span><\/p>\n\n<\/div><h2 class=\"tabtitle\">Lojistik<\/h2>\n<div class=\"tabcontent\">\n\n<h5 class=\"opened\">Genel \u00d6zellikler<\/h5>\n<table>\n<tbody>\n<tr>\n<td><strong>Otomat \u00a0koli adedi<\/strong><\/td>\n<td>1 adet<\/td>\n<\/tr>\n<tr>\n<td><strong>Otomat\u00a0\u00fcr\u00fcn adedi<\/strong><\/td>\n<td>500*1 : 500 adet<\/td>\n<\/tr>\n<tr>\n<td><strong>Otomat Koli ebatlar\u0131<\/strong><\/td>\n<td>90 cm * 30\u00a0cm * 20 cm<\/td>\n<\/tr>\n<tr>\n<td><strong>\u00dcr\u00fcn Koli ebatlar\u0131<\/strong><\/td>\n<td>40 cm * 60\u00a0cm * 40 cm<\/td>\n<\/tr>\n<tr>\n<td><strong>Otomat malzemesi<\/strong><\/td>\n<td>Sac malzeme<\/td>\n<\/tr>\n<tr>\n<td><strong>Koli malzemesi<\/strong><\/td>\n<td>\u00c7ift oluklu mukavva<\/td>\n<\/tr>\n<tr>\n<td><strong>Stok durumu<\/strong><\/td>\n<td>Mevcut<\/td>\n<\/tr>\n<\/tbody>\n<\/table>\n\n<\/div><h2 class=\"tabtitle\">Fiyat?<\/h2>\n<div class=\"tabcontent\">\n\n\n<div class=\"wpcf7 no-js\" id=\"wpcf7-f652-o1\" lang=\"tr-TR\" dir=\"ltr\">\n<div class=\"screen-reader-response\"><p role=\"status\" aria-live=\"polite\" aria-atomic=\"true\"><\/p> <ul><\/ul><\/div>\n<form action=\"\/index.php\/wp-json\/wp\/v2\/pages\/649#wpcf7-f652-o1\" method=\"post\" class=\"wpcf7-form init\" aria-label=\"Contact form\" novalidate=\"novalidate\" data-status=\"init\">\n<div style=\"display: none;\">\n<input type=\"hidden\" name=\"_wpcf7\" value=\"652\" \/>\n<input type=\"hidden\" name=\"_wpcf7_version\" value=\"5.7.7\" \/>\n<input type=\"hidden\" name=\"_wpcf7_locale\" value=\"tr_TR\" \/>\n<input type=\"hidden\" name=\"_wpcf7_unit_tag\" value=\"wpcf7-f652-o1\" \/>\n<input type=\"hidden\" name=\"_wpcf7_container_post\" value=\"0\" \/>\n<input type=\"hidden\" name=\"_wpcf7_posted_data_hash\" value=\"\" \/>\n<\/div>\n<p><label> Konu<br \/>\n<span class=\"wpcf7-form-control-wrap\" data-name=\"textyour-subject\"><input size=\"40\" class=\"wpcf7-form-control wpcf7-text wpcf7-validates-as-required\" aria-required=\"true\" aria-invalid=\"false\" value=\"Teklif Talebi\" type=\"text\" name=\"textyour-subject\" \/><\/span><\/label>\n<\/p>\n<p><label> Ad\u0131n\u0131z Soyad\u0131n\u0131z (gerekli)<br \/>\n<span class=\"wpcf7-form-control-wrap\" data-name=\"your-name\"><input size=\"40\" class=\"wpcf7-form-control wpcf7-text wpcf7-validates-as-required\" aria-required=\"true\" aria-invalid=\"false\" value=\"\" type=\"text\" name=\"your-name\" \/><\/span> <\/label>\n<\/p>\n<p><label> Eposta Adresiniz (gerekli)<br \/>\n<span class=\"wpcf7-form-control-wrap\" data-name=\"your-email\"><input size=\"40\" class=\"wpcf7-form-control wpcf7-text wpcf7-email wpcf7-validates-as-required wpcf7-validates-as-email\" aria-required=\"true\" aria-invalid=\"false\" value=\"\" type=\"email\" name=\"your-email\" \/><\/span> <\/label>\n<\/p>\n<p><label> Telefon (gerekli)<br \/>\n<span class=\"wpcf7-form-control-wrap\" data-name=\"telefon\"><input size=\"40\" class=\"wpcf7-form-control wpcf7-text wpcf7-validates-as-required\" aria-required=\"true\" aria-invalid=\"false\" value=\"\" type=\"text\" name=\"telefon\" \/><\/span> <\/label>\n<\/p>\n<p><label> Teklif Almak \u0130stedi\u011finiz Adet (gerekli)<br \/>\n<span class=\"wpcf7-form-control-wrap\" data-name=\"adet\"><input size=\"40\" class=\"wpcf7-form-control wpcf7-text wpcf7-validates-as-required\" aria-required=\"true\" aria-invalid=\"false\" value=\"\" type=\"text\" name=\"adet\" \/><\/span> <\/label>\n<\/p>\n<p><label> Mesaj\u0131n\u0131z<br \/>\n<span class=\"wpcf7-form-control-wrap\" data-name=\"your-message\"><textarea cols=\"40\" rows=\"10\" class=\"wpcf7-form-control wpcf7-textarea\" aria-invalid=\"false\" name=\"your-message\"><\/textarea><\/span> <\/label>\n<\/p>\n<p><input class=\"wpcf7-form-control has-spinner wpcf7-submit\" type=\"submit\" value=\"G\u00f6nder\" \/>\n<\/p><p style=\"display: none !important;\" class=\"akismet-fields-container\" data-prefix=\"_wpcf7_ak_\"><label>&#916;<textarea name=\"_wpcf7_ak_hp_textarea\" cols=\"45\" rows=\"8\" maxlength=\"100\"><\/textarea><\/label><input type=\"hidden\" id=\"ak_js_1\" name=\"_wpcf7_ak_js\" value=\"207\"\/><script>document.getElementById( \"ak_js_1\" ).setAttribute( \"value\", ( new Date() ).getTime() );<\/script><\/p><div class=\"wpcf7-response-output\" aria-hidden=\"true\"><\/div>\n<\/form>\n<\/div>\n\n<\/div><\/div>\n","protected":false},"excerpt":{"rendered":"<p>Genel \u00d6zellikler Otomat i\u00e7i \u00fcr\u00fcn v\u00fccut \u015fampuan\u0131 + sa\u00e7 \u015fampuan\u0131 Stok durumu \u015eampuan markas\u0131 Hobyy \u015eampuan a\u011f\u0131rl\u0131\u011f\u0131 8 ml Otomat a\u011f\u0131rl\u0131\u011f\u0131 18 kg Otmat ebatlar\u0131 90 cm * 30 cm * 20 cm Otomat elektroni\u011fi Manuel \u00e7al\u0131\u015fma Otomat para mekanizmas\u0131<\/p>\n","protected":false},"author":1,"featured_media":0,"parent":152,"menu_order":0,"comment_status":"closed","ping_status":"closed","template":"","meta":{"_links_to":"","_links_to_target":""},"aioseo_notices":[],"_links":{"self":[{"href":"https:\/\/www.tekkullanimlikdisfircasi.com\/index.php\/wp-json\/wp\/v2\/pages\/649"}],"collection":[{"href":"https:\/\/www.tekkullanimlikdisfircasi.com\/index.php\/wp-json\/wp\/v2\/pages"}],"about":[{"href":"https:\/\/www.tekkullanimlikdisfircasi.com\/index.php\/wp-json\/wp\/v2\/types\/page"}],"author":[{"embeddable":true,"href":"https:\/\/www.tekkullanimlikdisfircasi.com\/index.php\/wp-json\/wp\/v2\/users\/1"}],"replies":[{"embeddable":true,"href":"https:\/\/www.tekkullanimlikdisfircasi.com\/index.php\/wp-json\/wp\/v2\/comments?post=649"}],"version-history":[{"count":2,"href":"https:\/\/www.tekkullanimlikdisfircasi.com\/index.php\/wp-json\/wp\/v2\/pages\/649\/revisions"}],"predecessor-version":[{"id":684,"href":"https:\/\/www.tekkullanimlikdisfircasi.com\/index.php\/wp-json\/wp\/v2\/pages\/649\/revisions\/684"}],"up":[{"embeddable":true,"href":"https:\/\/www.tekkullanimlikdisfircasi.com\/index.php\/wp-json\/wp\/v2\/pages\/152"}],"wp:attachment":[{"href":"https:\/\/www.tekkullanimlikdisfircasi.com\/index.php\/wp-json\/wp\/v2\/media?parent=649"}],"curies":[{"name":"wp","href":"https:\/\/api.w.org\/{rel}","templated":true}]}}